 55 = 0. Let q = -4 - o. Let b be t(q). What is the highest common factor of 9 and b?
3
Let z(g) = 5*g**2 + g + 1. Let t be z(-1). Suppose -t*y = -y. Suppose 6*b - 3*b + f - 24 = y, 2*b - 5*f = 16. What is the greatest common divisor of 12 and b?
4
Suppose k - 3*k + 2*v + 174 = 0, -3*k - 5*v = -301. What is the highest common factor of k and 115?
23
Suppose -39*o = -24*o - 330. Calculate the highest common factor of o and 3476.
22
Let z(n) = -19*n + 294. Let f be z(2). Let d be (-6)/(3/(-16) - 0). What is the greatest common factor of f and d?
32
Suppose 50 = p + 2*a, 3*p - 162 = 2*a + 28. Let i be (14/5 + 0)/(12/p). What is the greatest common factor of 154 and i?
14
Let f = -301 + 493. What is the highest common divisor of f and 64?
64
Let n = -246 - -291. What is the greatest common factor of 240 and n?
15
Let y be (-10104)/(-216) - (-5)/((-90)/(-4)). What is the greatest common divisor of y and 47?
47
Let u(n) = -2*n**2 - 9*n + 4. Suppose -y + 0 - 5 = 0. Let t be u(y). Let i be (-79)/(-3) + t/3. Calculate the highest common factor of 13 and i.
13
Let h(n) = 121*n**2 + 4. Let i be h(-7). Let z = 12405 - i. Let k be z/56 - 4/7. What is the highest common divisor of k and 23?
23
Suppose -26*r + 365 = -259. What is the highest common factor of 42 and r?
6
Let b be (-3136)/224*16/(-7). Calculate the greatest common divisor of 432 and b.
16
Suppose -12*w - 2100 = -27*w. Calculate the greatest common factor of 20 and w.
20
Suppose 5*o - 5*l - 25 = -7*l, -3*l = -5*o. Let y(p) = 6*p**2 + p + 1. Let x be y(-1). What is the highest common factor of o and x?
3
Let q(h) = -3 + 356*h + 2*h**3 - 363*h + 0*h**3 + 6*h**2 - h**3. Let g be q(-3). What is the greatest common factor of 75 and g?
15
Let z be 16/((-1)/((-15)/10)). Let b = z - -36. What is the highest common divisor of 12 and b?
12
Suppose -g + 4*g - 15 = 0. Let i = 63 + -38. What is the highest common divisor of g and i?
5
Suppose 0 = a + 2*r - 1133, 2*r + 1996 + 2536 = 4*a. What is the greatest common divisor of a and 11?
11
Let p(o) = -95*o - 75. Let u be p(-1). Let z be (-984)/(-14) - 2/7. Calculate the greatest common factor of z and u.
10
Suppose -144 = -3*q - 3*n, q - 4*n - 11 = 57. Calculate the highest common divisor of q and 39.
13
Let o = 17 - -27. Let u = o - 77. Let k = 12 - u. What is the highest common divisor of k and 9?
9
Let n(d) = -d**3 - 32*d + 4 + 29 + 32*d. Let z be n(0). Let x = -11 - -33. Calculate the highest common factor of z and x.
11
Suppose 2*d - 4*w - 8 = 26, -3*d = -w - 26. Suppose 0 = 2*j - j - d. Suppose -i + 5*q = 8, -2*q + 3*q - 10 = -i. What is the highest common factor of i and j?
7
Let s(z) = z**3 + 4*z**2 - 33*z - 9. Let h be s(6). What is the highest common factor of 85 and h?
17
Suppose 5*l - 13 = c, -2 = l - c - 7. Suppose l*i = 103 - 13. Calculate the greatest common divisor of 5 and i.
5
Let g(j) = 4*j + 6. Let y = 7 - 21. Let f = y - -18. Let x be g(f). Calculate the highest common factor of 22 and x.
22
Suppose -897 - 857 = -106*d - 164. Let w be (-1)/(-2*(-2)/(-180)). Calculate the greatest common factor of d and w.
15
Let h = -4 - -12. Suppose h*j = -3*p + 4*j - 419, -p - 3*j = 138. Let r = p + 236. What is the greatest common divisor of 38 and r?
19
Suppose 2*w = -w. Suppose 0 = -2*s - w*s. Suppose h + x = 4*x + 14, s = 2*x + 8. Calculate the greatest common factor of h and 6.
2
Let f = 44 - 34. Let j = f - -1. Suppose n - 2 + 0 = 5*g, -3*n + 58 = -2*g. What is the highest common factor of j and n?
11
Suppose -28*k - 1430 = -33*k. Calculate the greatest common divisor of k and 88.
22
Suppose 206 + 674 = 4*v. Let x be (1*-16)/(-4) + v. What is the highest common divisor of x and 28?
28
Suppose -64 = -2*t - 2*m, -8*m = t - 9*m - 28. Calculate the highest common divisor of 230 and t.
10
Let b = -354 - -250. Let t be (-22*1)/(13/b). What is the highest common factor of 22 and t?
22
Suppose -654 = -6*k - 3*b, 6*k + 4*b = k + 548. Let x(f) = f**2 - 5*f + 6. Let j be x(11). What is the greatest common factor of j and k?
36
Let v(l) = -6*l**2 + 195*l - 35. Let g be v(32). What is the highest common divisor of 2745 and g?
61
Suppose 4*v - 51 - 525 = 0. Let c be (-37 - (-2 - -1))/(-1). Calculate the highest common factor of c and v.
36
Let z = -29 - -41. Let d(k) = k + 2. Let a be d(10). Calculate the greatest common factor of a and z.
12
Suppose -5 = 2*n - 3*n. Suppose 4 = -3*w + n*w. Suppose -3*m = 5*o - 78, 4*m - w*o = -o + 81. What is the greatest common divisor of m and 147?
21
Let s = 228 + -186. What is the greatest common divisor of s and 2?
2
Suppose 0*c + r = c - 8, 2*r = -6. Suppose 0*h - 14 = -2*h + c*o, 8 = 4*o. What is the greatest common factor of h and 48?
12
Let r be (-5106)/9*3*(-1)/2. Calculate the highest common factor of 23 and r.
23
Suppose 2*s - 627 = -195. Suppose 0 = -5*x - 0*x, 11*x - 135 = -5*r + 15*x. What is the greatest common factor of r and s?
27
Let n be (0/(1*(4 - 2)))/1. Suppose n = 3*y - 2*v - 78, 2*y = -5*v + 10 + 23. What is the highest common divisor of 120 and y?
24
Suppose 3*y - 4 - 8 = 2*k, -4*k = 0. Suppose -6*f + y*f = 5*m - 404, 2*f = -2*m + 164. Suppose 5*x - m = x. What is the highest common factor of 5 and x?
5
Let d be 128*7/63*9. Calculate the highest common factor of d and 144.
16
Let d = -35 + 42. Suppose 0 = 4*i - r - d, -19 = -4*i - 0*r + 5*r. Let x be 7/7*(i + 1). Calculate the greatest common factor of 2 and x.
2
Let i be (0 + 1/(-3))*(-53 + 29). Let l(q) = -q + 1. Let m be l(7). Let b = m + 18. Calculate the highest common divisor of i and b.
4
Suppose 2*b = 3*l - 48, 3*b = -l + 3 + 2. Let g = -10 + 12. What is the greatest common factor of g and l?
2
Let y = -2270 - -2534. Let p = 49 + -25. What is the greatest common divisor of p and y?
24
Let i(j) = 0 + 6 + 694*j - 687*j. Let q be i(4). What is the highest common factor of 102 and q?
34
Let q(w) = -w**2 - 6*w + 3. Let c be q(-6). Suppose h + c = 4*z + z, -5 = h - 3*z. Let a = h - -22. What is the greatest common divisor of 14 and a?
14
Suppose 2*c - 3*x - 146 = -x, -3*x - 288 = -4*c. What is the greatest common divisor of c and 1311?
69
Let u(x) = x**2 - x. Let l be u(4). Suppose v + 2*v = -66. Let n be (v/55)/((-2)/30). Calculate the greatest common divisor of l and n.
6
Let m = 181 - 180. Calculate the highest common divisor of m and 2.
1
Suppose -138 = -10*v + 62. Let p(r) = r**2 - 29*r + 15. Let b be p(29). Calculate the greatest common divisor of b and v.
5
Suppose 7*y - 2204 = -2183. Calculate the greatest common divisor of y and 1101.
3
Let s = -21 - -21. Let q be s + 12/4 - 0. Suppose q*k - 5 + 2 = 0. What is the greatest common factor of k and 7?
1
Let d be (-1 + 8)*(36/(-21) - -2). Suppose -d*v - 2*v + 44 = 0. What is the highest common factor of 22 and v?
11
Let i = -35 + 46. Suppose -3*p - 3*g - g = i, p + 7 = -2*g. Suppose 0*o + 3*n = -4*o + 12, -2*o = -5*n - 6. What is the greatest common divisor of p and o?
3
Let n = 157 - -19. What is the greatest common factor of 22 and n?
22
Suppose 0 = 306*b - 313*b + 1225. Calculate the greatest common factor of 105 and b.
35
Let i = 525 - 399. What is the highest common divisor of 90 and i?
18
Let j(y) = 2*y**2 - 3*y + 2. Let t be j(2). Suppose -2*k + 3*k = 0, 5*r - t*k = 20. Let l = r + 2. Calculate the highest common factor of 15 and l.
3
Let g = -5 + 8. Let r be g + -1 + 3 - -1. Calculate the greatest common factor of r and 12.
6
Let i = -25 - -25. Suppose -k - 2*r + 78 = i, k + 408 = 6*k + 4*r. Calculate the highest common divisor of 21 and k.
21
Let k be (-2)/(-14) + 1649/119. What is the greatest common factor of k and 7?
7
Suppose -1601 + 161 = -20*c. Calculate the highest common divisor of c and 90.
18
Let l be (0 - -2)/(3/24). Suppose -5*t + 3*k + 560 = -k, 336 = 3*t - 4*k. What is the greatest common factor of l and t?
16
Let i = -396 + 432. Calculate the greatest common divisor of i and 54.
18
Let u(o) be the third derivative of 0 + o**2 + 1/24*o**4 + 0*o + 1/3*o**3. Let a be u(7). What is the highest common factor of 72 and a?
9
Let n be 700/49 - 4/14. Let j be (16/3)/(n/42). Suppose -j - 6 = -2*q. Calculate the highest common divisor of q and 22.
11
Suppose 3*c - 4 = -2*o, -4*c + 2*c + 4 = o. Suppose 12 = -c*u + 4*k, 0*u - 5*k + 19 = -3*u. Let t = 55 + -45. Calculate the great